{"id":146,"date":"2013-11-20T22:34:17","date_gmt":"2013-11-20T22:34:17","guid":{"rendered":"http:\/\/109.71.45.70\/?page_id=146"},"modified":"2014-02-21T22:08:34","modified_gmt":"2014-02-21T22:08:34","slug":"spaces","status":"publish","type":"page","link":"https:\/\/www.qbatista.pt\/es\/office-center\/spaces\/","title":{"rendered":"Espacios"},"content":{"rendered":"<p>Las oficinas de Queir\u00f3s &#038; Batista fueron dise\u00f1adas para permitir crear espacios modulares. As\u00ed, puede moldear seg\u00fan sus preferencias su oficina individual o los espacios necesarios para su empresa.<\/p>\n<p>Las oficinas individuales y espacios de trabajo en lugares abiertos est\u00e1n equipados con mobiliario moderno y funcional que posee llave para mayor privacidad. Los espacios se distribuyen en dos plantas, poseen iluminaci\u00f3n natural tanto como iluminaci\u00f3n el\u00e9ctrica, aire acondicionado, limpieza diaria y servicios de seguridad.<\/p>\n<p>El edificio tambi\u00e9n cuenta con:<\/p>\n<ul>\n<li>Archivo<\/li>\n<li>\u00c1reas de recepci\u00f3n<\/li>\n<li>Bar<\/li>\n<li>Parking privado<\/li>\n<li>Salas de reuniones<\/li>\n<\/ul>\n<p><\/p>","protected":false},"excerpt":{"rendered":"<p>Las oficinas de Queir\u00f3s &#038; Batista fueron dise\u00f1adas para permitir crear espacios modulares. As\u00ed, puede moldear seg\u00fan sus preferencias su oficina individual o los espacios necesarios para su empresa. Las oficinas individuales y espacios de trabajo en lugares abiertos est\u00e1n equipados con mobiliario moderno y funcional que posee llave para mayor privacidad. Los espacios se&#8230;  <a class=\"excerpt-read-more\" href=\"https:\/\/www.qbatista.pt\/es\/office-center\/spaces\/\" title=\"ReadEspacios\">Leer m\u00e1s &raquo;<\/a><\/p>\n","protected":false},"author":2,"featured_media":0,"parent":28,"menu_order":0,"comment_status":"open","ping_status":"open","template":"","meta":[],"acf":[],"_links":{"self":[{"href":"https:\/\/www.qbatista.pt\/es\/wp-json\/wp\/v2\/pages\/146"}],"collection":[{"href":"https:\/\/www.qbatista.pt\/es\/wp-json\/wp\/v2\/pages"}],"about":[{"href":"https:\/\/www.qbatista.pt\/es\/wp-json\/wp\/v2\/types\/page"}],"author":[{"embeddable":true,"href":"https:\/\/www.qbatista.pt\/es\/wp-json\/wp\/v2\/users\/2"}],"replies":[{"embeddable":true,"href":"https:\/\/www.qbatista.pt\/es\/wp-json\/wp\/v2\/comments?post=146"}],"version-history":[{"count":4,"href":"https:\/\/www.qbatista.pt\/es\/wp-json\/wp\/v2\/pages\/146\/revisions"}],"predecessor-version":[{"id":208,"href":"https:\/\/www.qbatista.pt\/es\/wp-json\/wp\/v2\/pages\/146\/revisions\/208"}],"up":[{"embeddable":true,"href":"https:\/\/www.qbatista.pt\/es\/wp-json\/wp\/v2\/pages\/28"}],"wp:attachment":[{"href":"https:\/\/www.qbatista.pt\/es\/wp-json\/wp\/v2\/media?parent=146"}],"curies":[{"name":"wp","href":"https:\/\/api.w.org\/{rel}","templated":true}]}}

<p>Las oficinas de Queirós &#038; Batista fueron diseñadas para permitir crear espacios modulares. Así, puede moldear según sus preferencias su oficina individual o los espacios necesarios para su empresa.</p>
<p>Las oficinas individuales y espacios de trabajo en lugares abiertos están equipados con mobiliario moderno y funcional que posee llave para mayor privacidad. Los espacios se distribuyen en dos plantas, poseen iluminación natural tanto como iluminación eléctrica, aire acondicionado, limpieza diaria y servicios de seguridad.</p>
<p>El edificio también cuenta con:</p>
<ul>
<li>Archivo</li>
<li>Áreas de recepción</li>
<li>Bar</li>
<li>Parking privado</li>
<li>Salas de reuniones</li>
</ul>
<p></p>

<p>Las oficinas de Queirós &#038; Batista fueron diseñadas para permitir crear espacios modulares. Así, puede moldear según sus preferencias su oficina individual o los espacios necesarios para su empresa. Las oficinas individuales y espacios de trabajo en lugares abiertos están equipados con mobiliario moderno y funcional que posee llave para mayor privacidad. Los espacios se&#8230;  <a class="excerpt-read-more" href="https://www.qbatista.pt/es/office-center/spaces/" title="ReadEspacios">Leer más &raquo;</a></p>
