{"id":11,"date":"2013-09-02T20:51:22","date_gmt":"2013-09-02T20:51:22","guid":{"rendered":"http:\/\/miguelneves.com\/qbatista\/?page_id=11"},"modified":"2026-02-27T16:11:04","modified_gmt":"2026-02-27T16:11:04","slug":"team","status":"publish","type":"page","link":"https:\/\/www.qbatista.pt\/pt\/queiros-batista\/team\/","title":{"rendered":"Equipa"},"content":{"rendered":"<p><\/p>\n<h4><\/h4>\n<p>&nbsp;<\/p>\n<h3>Administrador Executivo<\/h3>\n<p>Ant\u00f3nio Batista<\/p>\n<h3>Departamento de Contabilidade<\/h3>\n<p>Dora Borges<\/p>\n<p>Joana Silva<\/p>\n<p>Ant\u00f3nia Gimbi<\/p>\n<h3>Departamento de Recursos Humanos<\/h3>\n<p>Ana Sousa<\/p>\n<h3>Servi\u00e7os Administrativos<\/h3>\n<p>Carla Coutinho<\/p>\n<p>Sara Barbosa<\/p>\n<h3>Servi\u00e7os Externos<\/h3>\n<p>David Machado<\/p>\n<p>&nbsp;<\/p>\n<p>&nbsp;<\/p>","protected":false},"excerpt":{"rendered":"<p>&nbsp; Administrador Executivo Ant\u00f3nio Batista Departamento de Contabilidade Dora Borges Joana Silva Ant\u00f3nia Gimbi Departamento de Recursos Humanos Ana Sousa Servi\u00e7os Administrativos Carla Coutinho Sara Barbosa Servi\u00e7os Externos David Machado &nbsp; &nbsp;<\/p>\n","protected":false},"author":2,"featured_media":389,"parent":6,"menu_order":3,"comment_status":"open","ping_status":"closed","template":"","meta":[],"acf":[],"_links":{"self":[{"href":"https:\/\/www.qbatista.pt\/pt\/wp-json\/wp\/v2\/pages\/11"}],"collection":[{"href":"https:\/\/www.qbatista.pt\/pt\/wp-json\/wp\/v2\/pages"}],"about":[{"href":"https:\/\/www.qbatista.pt\/pt\/wp-json\/wp\/v2\/types\/page"}],"author":[{"embeddable":true,"href":"https:\/\/www.qbatista.pt\/pt\/wp-json\/wp\/v2\/users\/2"}],"replies":[{"embeddable":true,"href":"https:\/\/www.qbatista.pt\/pt\/wp-json\/wp\/v2\/comments?post=11"}],"version-history":[{"count":53,"href":"https:\/\/www.qbatista.pt\/pt\/wp-json\/wp\/v2\/pages\/11\/revisions"}],"predecessor-version":[{"id":568,"href":"https:\/\/www.qbatista.pt\/pt\/wp-json\/wp\/v2\/pages\/11\/revisions\/568"}],"up":[{"embeddable":true,"href":"https:\/\/www.qbatista.pt\/pt\/wp-json\/wp\/v2\/pages\/6"}],"wp:featuredmedia":[{"embeddable":true,"href":"https:\/\/www.qbatista.pt\/pt\/wp-json\/wp\/v2\/media\/389"}],"wp:attachment":[{"href":"https:\/\/www.qbatista.pt\/pt\/wp-json\/wp\/v2\/media?parent=11"}],"curies":[{"name":"wp","href":"https:\/\/api.w.org\/{rel}","templated":true}]}}

<p></p>
<h4></h4>
<p>&nbsp;</p>
<h3>Administrador Executivo</h3>
<p>António Batista</p>
<h3>Departamento de Contabilidade</h3>
<p>Dora Borges</p>
<p>Joana Silva</p>
<p>Antónia Gimbi</p>
<h3>Departamento de Recursos Humanos</h3>
<p>Ana Sousa</p>
<h3>Serviços Administrativos</h3>
<p>Carla Coutinho</p>
<p>Sara Barbosa</p>
<h3>Serviços Externos</h3>
<p>David Machado</p>
<p>&nbsp;</p>
<p>&nbsp;</p>

<p>&nbsp; Administrador Executivo António Batista Departamento de Contabilidade Dora Borges Joana Silva Antónia Gimbi Departamento de Recursos Humanos Ana Sousa Serviços Administrativos Carla Coutinho Sara Barbosa Serviços Externos David Machado &nbsp; &nbsp;</p>
